	{"id":1969,"date":"2025-01-25T15:23:06","date_gmt":"2025-01-25T14:23:06","guid":{"rendered":"https:\/\/marpro.cl\/web\/?page_id=1969"},"modified":"2025-04-22T17:30:59","modified_gmt":"2025-04-22T15:30:59","slug":"nosotros","status":"publish","type":"page","link":"https:\/\/marpro.cl\/web\/nosotros\/","title":{"rendered":"\u00bf Quienes somos ?"},"content":{"rendered":"<div class=\"wp-block-image\">\n<figure class=\"alignleft size-large is-resized\"><img loading=\"lazy\" decoding=\"async\" width=\"1024\" height=\"623\" src=\"https:\/\/marpro.cl\/web\/wp-content\/uploads\/2025\/01\/th_DSC_0003b-1024x623.jpg\" alt=\"\" class=\"wp-image-1972\" style=\"object-fit:cover;width:394px;height:auto\" srcset=\"https:\/\/marpro.cl\/web\/wp-content\/uploads\/2025\/01\/th_DSC_0003b-1024x623.jpg 1024w, https:\/\/marpro.cl\/web\/wp-content\/uploads\/2025\/01\/th_DSC_0003b-300x182.jpg 300w, https:\/\/marpro.cl\/web\/wp-content\/uploads\/2025\/01\/th_DSC_0003b-768x467.jpg 768w, https:\/\/marpro.cl\/web\/wp-content\/uploads\/2025\/01\/th_DSC_0003b.jpg 1074w\" sizes=\"auto, (max-width: 1024px) 100vw, 1024px\" \/><\/figure>\n<\/div>\n\n\n<p class=\"has-text-align-left\"><strong>Historia.<\/strong><\/p>\n\n\n\n<p class=\"has-white-background-color has-background\">Marpro Chile, &nbsp;comienza a funcionar en el a\u00f1o 2002, cuando es fundada como una comercializadora de productos qu\u00edmicos, que se establec\u00eda en Valpara\u00edso, por Cristian P\u00e9ndola Brondi, socio fundador de la compa\u00f1\u00eda, siendo en esos entonces una empresa que comercializaba detergentes industriales para el \u00e1rea mar\u00edtima principalmente, sin embargo las bases de la empresa de forjan muchos a\u00f1os antes, pues en la visi\u00f3n de sus creadores&nbsp; la empresa ten\u00eda un pr\u00f3spero futuro comercial y&nbsp; con experiencia de todos los fundadores, en el rubro de la industria qu\u00edmica y con un profundo conocimiento de las necesidades del sector industrial, aquella comercializadora, paso a ser una f\u00e1brica de productos qu\u00edmicos orientados a la industria. La idea surgi\u00f3 ante la creciente demanda de productos m\u00e1s eficientes y ecol\u00f3gicos para la limpieza de plantas de producci\u00f3n, embarcaciones, buques y equipos industriales.<\/p>\n\n\n\n<p>La visi\u00f3n de Marpro Chile siempre fue clara: convertirse en un proveedor estrat\u00e9gico en la fabricaci\u00f3n de detergentes industriales de alta calidad, enfoc\u00e1ndose en la innovaci\u00f3n y el desarrollo de nuevos productos, la sostenibilidad y la satisfacci\u00f3n del cliente. La misi\u00f3n, por su parte, fue y es proporcionar soluciones de limpieza efectivas que no solo garantizan una operaci\u00f3n industrial m\u00e1s eficiente, sino tambi\u00e9n un impacto m\u00ednimo en el medio ambiente.<\/p>\n\n\n\n<p><strong>Primeros pasos y crecimiento:<\/strong><\/p>\n\n\n\n<p>En nuestros primeros a\u00f1os, la empresa se enfoc\u00f3 en la investigaci\u00f3n y desarrollo de productos especializados para distintos sectores industriales, como la industria mar\u00edtima y de procesos. Su primer gran \u00e9xito fue la creaci\u00f3n de un lubricante de armamento menor, que cumple norma militar, el que ha sido testeado bajo diferentes condiciones y que hoy es usado en las distintas fuerzas armadas y de orden del pa\u00eds.&nbsp;&nbsp; Posteriormente y por mas de 10 a\u00f1os, logramos producir un detergente industrial acorde con las normas medioambientales para el lavado de cilindros de gas, que permit\u00eda una limpieza profunda de los cilindros en tan solo 40 segundos entre la aplicaci\u00f3n y su enjuague, proceso que es totalmente automatizado, sin elevar los par\u00e1metros a las plantas purificadoras de aguas residuales logrando as\u00ed cumplir con la NCh 1333c.<\/p>\n\n\n\n<p>El \u00e9xito de este producto permiti\u00f3 que la empresa ganara r\u00e1pidamente la confianza de otras empresas locales del mismo sector, lo que permiti\u00f3 a Marpro Chile expandir su capacidad productiva y diversificar su l\u00ednea de productos, incorporando lubricantes de cadena, detergentes desengrasantes, limpiadores de superficies espec\u00edficas, y soluciones para el tratamiento de aguas residuales industriales, que hoy se aplican en plantas embotelladoras.<\/p>\n\n\n\n<p><strong>Innovaci\u00f3n constante:<\/strong><\/p>\n\n\n\n<p>A medida que la demanda crec\u00eda, la empresa no solo aument\u00f3 su capacidad de producci\u00f3n, sino que tambi\u00e9n invirti\u00f3 fuertemente en investigaci\u00f3n y desarrollo para mejorar sus f\u00f3rmulas y crear productos m\u00e1s eficientes y menos contaminantes. Es as\u00ed como en el a\u00f1o 2013, la empresa se emplaz\u00f3 en el parque industrial de Conc\u00f3n, donde con mejores instalaciones y mayor superficie \u00fatil, se crearon las plantas de Cosm\u00e9tico, Agr\u00edcola e industrial con el fin de aumentar los est\u00e1ndares operacionales. Junto con ello, tambi\u00e9n se estableci\u00f3 alianzas estrat\u00e9gicas con laboratorios de investigaci\u00f3n y universidades, lo que le permiti\u00f3 seguir innovando en productos que cumplen con las normativas internacionales m\u00e1s estrictas en cuanto a seguridad y sostenibilidad, algunos de ellos certificados como el Duramax 39, utilizado en el enfriamiento de motores de unidades de defensa mar\u00edtima.<\/p>\n\n\n\n<p><strong>Hoy en d\u00eda:<\/strong><\/p>\n\n\n\n<p>Marpro Chile es una de las principales compa\u00f1\u00edas en el rubro de detergentes industriales, con una amplia gama de productos que cubren desde la limpieza b\u00e1sica hasta las aplicaciones m\u00e1s espec\u00edficas y exigentes. Su compromiso con la calidad, la innovaci\u00f3n y la sostenibilidad la han colocado como referente en la industria, siendo proveedor de importantes empresas en sectores como lo son: &nbsp;mar\u00edtimo, agr\u00edcola, industrial, alimentos y bebidas e institucional.<\/p>\n\n\n\n<p>La empresa sigue trabajando en nuevas soluciones que ayuden a las industrias a optimizar sus procesos de limpieza, reducir costos y minimizar su impacto ambiental. En 2025, Marpro Chile celebra su 23\u00b0 aniversario con un proyecto en marcha para desarrollar Urea revestida, un innovador producto que aumenta la efectividad tanto en el sector agr\u00edcola como ganadero; siempre pensando en la innovaci\u00f3n y el compromiso con nuestros clientes, lo que nos impulsa a \u201chacerlo Bien\u201d<\/p>\n\n\n\n<p class=\"has-text-align-left\"><strong>Marpro Chile\u00a0 \u201cHacerlo Bien\u201d<\/strong><\/p>\n\n\n\n<hr class=\"wp-block-separator has-alpha-channel-opacity\"\/>\n\n\n\n<p class=\"has-text-align-center\"><strong>NUESTRO EQUIPO:<\/strong><\/p>\n\n\n<div class=\"wp-block-image is-style-rounded\">\n<figure class=\"alignleft size-full is-resized\"><img loading=\"lazy\" decoding=\"async\" width=\"369\" height=\"369\" src=\"http:\/\/marpro.cl\/web\/wp-content\/uploads\/2025\/03\/cristian2.jpg\" alt=\"\" class=\"wp-image-2166\" style=\"width:250px\" srcset=\"https:\/\/marpro.cl\/web\/wp-content\/uploads\/2025\/03\/cristian2.jpg 369w, https:\/\/marpro.cl\/web\/wp-content\/uploads\/2025\/03\/cristian2-300x300.jpg 300w, https:\/\/marpro.cl\/web\/wp-content\/uploads\/2025\/03\/cristian2-150x150.jpg 150w\" sizes=\"auto, (max-width: 369px) 100vw, 369px\" \/><\/figure>\n<\/div>\n\n\n<p class=\"has-medium-font-size\"><strong>Cristian P\u00e9ndola Brondi es el director fundador de Marpro Chile<\/strong>, una compa\u00f1\u00eda que ha revolucionado sector industria, mediante la creaci\u00f3n de nuevos productos.&nbsp; Con una formaci\u00f3n acad\u00e9mica en importante en el \u00e1rea comercial, comenz\u00f3 su carrera profesional en empresas de rubro similar, donde r\u00e1pidamente destac\u00f3 por su habilidad para Desarrollar equipos de trabajo y encabezar proyectos de desarrollo sostenibles para las industrias de las Fuerzas Armadas. A lo largo de los a\u00f1os, su enfoque en la innovaci\u00f3n, la sostenibilidad y la \u00e9tica empresarial le permiti\u00f3 crear una base s\u00f3lida en la industria y posicionar a la empresa como una de las potentes en su sector.<\/p>\n\n\n\n<div style=\"height:11px\" aria-hidden=\"true\" class=\"wp-block-spacer\"><\/div>\n\n\n<div class=\"wp-block-image is-style-rounded\">\n<figure class=\"alignleft size-full is-resized\"><img loading=\"lazy\" decoding=\"async\" width=\"370\" height=\"369\" src=\"http:\/\/marpro.cl\/web\/wp-content\/uploads\/2025\/03\/pablo2.jpg\" alt=\"\" class=\"wp-image-2160\" style=\"width:250px\" srcset=\"https:\/\/marpro.cl\/web\/wp-content\/uploads\/2025\/03\/pablo2.jpg 370w, https:\/\/marpro.cl\/web\/wp-content\/uploads\/2025\/03\/pablo2-300x300.jpg 300w, https:\/\/marpro.cl\/web\/wp-content\/uploads\/2025\/03\/pablo2-150x150.jpg 150w\" sizes=\"auto, (max-width: 370px) 100vw, 370px\" \/><\/figure>\n<\/div>\n\n\n<p class=\"has-medium-font-size\">Con m\u00e1s de 25 a\u00f1os de experiencia en la industria qu\u00edmica y detergencia industrial, <strong>Pablo es nuestro Gerente General<\/strong>. Durante su carrera, he desarrollado habilidades clave en liderazgo, estrategia empresarial y gesti\u00f3n de equipos.&nbsp; El enfoque actual es liderar la optimizaci\u00f3n de procesos, la mejora de la eficiencia operativa y la creaci\u00f3n de un entorno de trabajo colaborativo que impulse los resultados comerciales, cumpliendo as\u00ed los altos est\u00e1ndares de nuestros clientes.<\/p>\n\n\n\n<div style=\"height:10px\" aria-hidden=\"true\" class=\"wp-block-spacer\"><\/div>\n\n\n<div class=\"wp-block-image is-style-rounded\">\n<figure class=\"alignleft size-full is-resized\"><img loading=\"lazy\" decoding=\"async\" width=\"369\" height=\"369\" src=\"http:\/\/marpro.cl\/web\/wp-content\/uploads\/2025\/03\/joaquin2.jpg\" alt=\"\" class=\"wp-image-2165\" style=\"width:250px\" srcset=\"https:\/\/marpro.cl\/web\/wp-content\/uploads\/2025\/03\/joaquin2.jpg 369w, https:\/\/marpro.cl\/web\/wp-content\/uploads\/2025\/03\/joaquin2-300x300.jpg 300w, https:\/\/marpro.cl\/web\/wp-content\/uploads\/2025\/03\/joaquin2-150x150.jpg 150w\" sizes=\"auto, (max-width: 369px) 100vw, 369px\" \/><\/figure>\n<\/div>\n\n\n<p class=\"has-medium-font-size\"><strong>El crecimiento de Joaqu\u00edn, lo ha llevado a tomar el liderazgo del \u00e1rea de producci\u00f3n<\/strong>, gestionando las operaciones diarias y asegurando la entrega de productos con una alta calidad en tiempo y forma. Joaqu\u00edn ha desarrollado habilidades claves en la supervisi\u00f3n de la producci\u00f3n, la planificaci\u00f3n de la cadena de suministro, la mejora continua, lo que ha permitido reducir costos y aumentar la productividad, reduciendo as\u00ed los tiempos de entrega.<\/p>\n\n\n\n<p><\/p>\n\n\n\n<div style=\"height:10px\" aria-hidden=\"true\" class=\"wp-block-spacer\"><\/div>\n\n\n<div class=\"wp-block-image is-style-rounded\">\n<figure class=\"alignleft size-full is-resized\"><img loading=\"lazy\" decoding=\"async\" width=\"369\" height=\"369\" src=\"http:\/\/marpro.cl\/web\/wp-content\/uploads\/2025\/03\/luis2.jpg\" alt=\"\" class=\"wp-image-2164\" style=\"width:250px\" srcset=\"https:\/\/marpro.cl\/web\/wp-content\/uploads\/2025\/03\/luis2.jpg 369w, https:\/\/marpro.cl\/web\/wp-content\/uploads\/2025\/03\/luis2-300x300.jpg 300w, https:\/\/marpro.cl\/web\/wp-content\/uploads\/2025\/03\/luis2-150x150.jpg 150w\" sizes=\"auto, (max-width: 369px) 100vw, 369px\" \/><\/figure>\n<\/div>\n\n\n<p class=\"has-medium-font-size\">Soy <strong>Luis Aracena, un profesional con 5 a\u00f1os de experiencia en el \u00e1rea comercial<\/strong>, especializado en brindar soporte eficiente a equipos de ventas y colaborar en la gesti\u00f3n de relaciones con clientes. Mi enfoque se centra en la organizaci\u00f3n, el an\u00e1lisis de datos y el impulso de estrategias comerciales que contribuyan al crecimiento y la satisfacci\u00f3n del cliente.<\/p>\n\n\n\n<p><\/p>\n\n\n\n<div style=\"height:10px\" aria-hidden=\"true\" class=\"wp-block-spacer\"><\/div>\n\n\n<div class=\"wp-block-image is-style-rounded\">\n<figure class=\"alignleft size-full is-resized\"><img loading=\"lazy\" decoding=\"async\" width=\"369\" height=\"369\" src=\"http:\/\/marpro.cl\/web\/wp-content\/uploads\/2025\/03\/claudia2.jpg\" alt=\"\" class=\"wp-image-2161\" style=\"width:250px\" srcset=\"https:\/\/marpro.cl\/web\/wp-content\/uploads\/2025\/03\/claudia2.jpg 369w, https:\/\/marpro.cl\/web\/wp-content\/uploads\/2025\/03\/claudia2-300x300.jpg 300w, https:\/\/marpro.cl\/web\/wp-content\/uploads\/2025\/03\/claudia2-150x150.jpg 150w\" sizes=\"auto, (max-width: 369px) 100vw, 369px\" \/><\/figure>\n<\/div>\n\n\n<p class=\"has-medium-font-size\"><strong>Claudia es nuestra agente comercial m\u00e1s experimentada<\/strong>, cuenta con m\u00e1s de 10 a\u00f1os de experiencia en el sector comercial, especializado en la gesti\u00f3n de cuentas clave, la negociaci\u00f3n de contratos y la implementaci\u00f3n de estrategias de ventas efectivas. A lo largo de su desarrollo en Marpro, ha logrado una s\u00f3lida trayectoria en la identificaci\u00f3n de oportunidades de negocio, el desarrollo de relaciones a largo plazo con clientes y la maximizaci\u00f3n de los ingresos para la empresa, Su enfoque est\u00e1 en comprender profundamente las necesidades del cliente y ofrecer soluciones personalizadas que ayuden a alcanzar sus objetivos.<\/p>\n\n\n\n<div style=\"height:10px\" aria-hidden=\"true\" class=\"wp-block-spacer\"><\/div>\n\n\n<div class=\"wp-block-image is-style-rounded\">\n<figure class=\"alignleft size-full is-resized\"><img loading=\"lazy\" decoding=\"async\" width=\"369\" height=\"369\" src=\"http:\/\/marpro.cl\/web\/wp-content\/uploads\/2025\/03\/evelyn2.jpg\" alt=\"\" class=\"wp-image-2163\" style=\"width:250px\" srcset=\"https:\/\/marpro.cl\/web\/wp-content\/uploads\/2025\/03\/evelyn2.jpg 369w, https:\/\/marpro.cl\/web\/wp-content\/uploads\/2025\/03\/evelyn2-300x300.jpg 300w, https:\/\/marpro.cl\/web\/wp-content\/uploads\/2025\/03\/evelyn2-150x150.jpg 150w\" sizes=\"auto, (max-width: 369px) 100vw, 369px\" \/><\/figure>\n<\/div>\n\n\n<p class=\"has-medium-font-size\">Con una amplia experiencia en el \u00e1rea comercial, con un enfoque en el desarrollo de relaciones con clientes y la identificaci\u00f3n de nuevas oportunidades de negocio, <strong>Evelyn, tiene una s\u00f3lida formaci\u00f3n en ventas y atenci\u00f3n al cliente<\/strong>, siendo proactiva, orientada a los resultados y con gran asertividad al momento de recomendar productos o servicios.&nbsp; Su enfoque est\u00e1 en asegurar que cada cliente reciba un servicio excelente potenciando as\u00ed las relaciones con cada uno de ellos.<\/p>\n\n\n\n<div style=\"height:10px\" aria-hidden=\"true\" class=\"wp-block-spacer\"><\/div>\n\n\n<div class=\"wp-block-image is-style-rounded\">\n<figure class=\"alignleft size-full is-resized\"><img loading=\"lazy\" decoding=\"async\" width=\"369\" height=\"369\" src=\"http:\/\/marpro.cl\/web\/wp-content\/uploads\/2025\/03\/carolina2.jpg\" alt=\"\" class=\"wp-image-2162\" style=\"width:250px\" srcset=\"https:\/\/marpro.cl\/web\/wp-content\/uploads\/2025\/03\/carolina2.jpg 369w, https:\/\/marpro.cl\/web\/wp-content\/uploads\/2025\/03\/carolina2-300x300.jpg 300w, https:\/\/marpro.cl\/web\/wp-content\/uploads\/2025\/03\/carolina2-150x150.jpg 150w\" sizes=\"auto, (max-width: 369px) 100vw, 369px\" \/><\/figure>\n<\/div>\n\n\n<p class=\"has-medium-font-size\">Con a\u00f1os experiencia en el \u00e1rea de administraci\u00f3n financiera, <strong>Carolina, es la encargada de orientar en la tomar decisiones que contribuyan a la sostenibilidad y crecimiento financiero de la empresa<\/strong>. En el d\u00eda a d\u00eda tiene la misi\u00f3n de analizar los de presupuestos, la gesti\u00f3n del flujo de efectivo, el control de costos y la implementaci\u00f3n de estrategias para mejorar la rentabilidad de la empresa, 100% comprometida con la implementaci\u00f3n de buenas pr\u00e1cticas financieras y la mejora continua, con el objetivo de garantizar la estabilidad y el crecimiento econ\u00f3mico de la empresa.<\/p>\n\n\n\n<div style=\"height:10px\" aria-hidden=\"true\" class=\"wp-block-spacer\"><\/div>\n\n\n\n<hr class=\"wp-block-separator has-alpha-channel-opacity\"\/>\n\n\n\n<p class=\"has-text-align-center\"><strong>ALGUNAS DE LAS EMPRESAS QUE CONF\u00cdAN EN NOSOTROS<\/strong><\/p>\n\n\n\n<figure class=\"wp-block-table aligncenter\"><table><tbody><tr><td><img loading=\"lazy\" decoding=\"async\" width=\"150\" height=\"143\" class=\"wp-image-1977\" style=\"width: 150px;\" src=\"http:\/\/marpro.cl\/web\/wp-content\/uploads\/2025\/01\/asmar.png\" alt=\"\"><\/td><td><img loading=\"lazy\" decoding=\"async\" width=\"150\" height=\"158\" class=\"wp-image-1980\" style=\"width: 150px;\" src=\"http:\/\/marpro.cl\/web\/wp-content\/uploads\/2025\/01\/gasco.png\" alt=\"\"><\/td><td><img loading=\"lazy\" decoding=\"async\" width=\"150\" height=\"151\" class=\"wp-image-2136\" style=\"width: 150px;\" src=\"http:\/\/marpro.cl\/web\/wp-content\/uploads\/2025\/02\/armada2.png\" alt=\"\" srcset=\"https:\/\/marpro.cl\/web\/wp-content\/uploads\/2025\/02\/armada2.png 160w, https:\/\/marpro.cl\/web\/wp-content\/uploads\/2025\/02\/armada2-150x150.png 150w\" sizes=\"auto, (max-width: 150px) 100vw, 150px\" \/><\/td><td><img loading=\"lazy\" decoding=\"async\" width=\"150\" height=\"150\" class=\"wp-image-1984\" style=\"width: 150px;\" src=\"http:\/\/marpro.cl\/web\/wp-content\/uploads\/2025\/01\/ohiggins.png\" alt=\"\" srcset=\"https:\/\/marpro.cl\/web\/wp-content\/uploads\/2025\/01\/ohiggins.png 160w, https:\/\/marpro.cl\/web\/wp-content\/uploads\/2025\/01\/ohiggins-150x150.png 150w\" sizes=\"auto, (max-width: 150px) 100vw, 150px\" \/><\/td><td><img loading=\"lazy\" decoding=\"async\" width=\"150\" height=\"153\" class=\"wp-image-1982\" style=\"width: 150px;\" src=\"http:\/\/marpro.cl\/web\/wp-content\/uploads\/2025\/01\/lipigas.png\" alt=\"\"><\/td><td><img loading=\"lazy\" decoding=\"async\" width=\"150\" height=\"110\" class=\"wp-image-1983\" style=\"width: 150px;\" src=\"http:\/\/marpro.cl\/web\/wp-content\/uploads\/2025\/01\/nature.png\" alt=\"\"><\/td><td><img loading=\"lazy\" decoding=\"async\" width=\"150\" height=\"133\" class=\"wp-image-1981\" style=\"width: 150px;\" src=\"http:\/\/marpro.cl\/web\/wp-content\/uploads\/2025\/01\/komatsu.jpg\" alt=\"\"><\/td><\/tr><\/tbody><\/table><\/figure>\n\n\n\n<p><\/p>\n","protected":false},"excerpt":{"rendered":"<p>Historia. Marpro Chile, &nbsp;comienza a funcionar en el a\u00f1o 2002, cuando es fundada como una comercializadora de productos qu\u00edmicos, que se establec\u00eda en Valpara\u00edso, por Cristian P\u00e9ndola Brondi, socio fundador de la compa\u00f1\u00eda, siendo en esos entonces una empresa que comercializaba detergentes industriales para el \u00e1rea mar\u00edtima principalmente, sin embargo las bases de la empresa [&hellip;]<\/p>\n","protected":false},"author":1,"featured_media":0,"parent":0,"menu_order":0,"comment_status":"closed","ping_status":"closed","template":"","meta":{"footnotes":""},"class_list":["post-1969","page","type-page","status-publish","hentry"],"_links":{"self":[{"href":"https:\/\/marpro.cl\/web\/wp-json\/wp\/v2\/pages\/1969","targetHints":{"allow":["GET"]}}],"collection":[{"href":"https:\/\/marpro.cl\/web\/wp-json\/wp\/v2\/pages"}],"about":[{"href":"https:\/\/marpro.cl\/web\/wp-json\/wp\/v2\/types\/page"}],"author":[{"embeddable":true,"href":"https:\/\/marpro.cl\/web\/wp-json\/wp\/v2\/users\/1"}],"replies":[{"embeddable":true,"href":"https:\/\/marpro.cl\/web\/wp-json\/wp\/v2\/comments?post=1969"}],"version-history":[{"count":50,"href":"https:\/\/marpro.cl\/web\/wp-json\/wp\/v2\/pages\/1969\/revisions"}],"predecessor-version":[{"id":2273,"href":"https:\/\/marpro.cl\/web\/wp-json\/wp\/v2\/pages\/1969\/revisions\/2273"}],"wp:attachment":[{"href":"https:\/\/marpro.cl\/web\/wp-json\/wp\/v2\/media?parent=1969"}],"curies":[{"name":"wp","href":"https:\/\/api.w.org\/{rel}","templated":true}]}}