	{"id":2103,"date":"2025-02-05T14:47:18","date_gmt":"2025-02-05T13:47:18","guid":{"rendered":"https:\/\/marpro.cl\/web\/?page_id=2103"},"modified":"2025-04-17T05:51:59","modified_gmt":"2025-04-17T03:51:59","slug":"tutoriales","status":"publish","type":"page","link":"https:\/\/marpro.cl\/web\/tutoriales\/","title":{"rendered":"Tutoriales"},"content":{"rendered":"\n<p class=\"has-text-align-left has-large-font-size\"><strong>Aplicaci\u00f3n l GP-2000 de Marpro<\/strong><\/p>\n\n\n\n<figure class=\"wp-block-embed aligncenter is-type-video is-provider-youtube wp-block-embed-youtube wp-embed-aspect-16-9 wp-has-aspect-ratio\"><div class=\"wp-block-embed__wrapper\">\n<iframe loading=\"lazy\" title=\"Aplicaci\u00f3n l GP-2000 de Marpro\" width=\"678\" height=\"381\" src=\"https:\/\/www.youtube.com\/embed\/vh4LNC4QFBk?feature=oembed\" frameborder=\"0\" allow=\"accelerometer; autoplay; clipboard-write; encrypted-media; gyroscope; picture-in-picture; web-share\" referrerpolicy=\"strict-origin-when-cross-origin\" allowfullscreen><\/iframe>\n<\/div><\/figure>\n\n\n\n<p class=\"has-text-align-left has-large-font-size\"><strong>Aplicaci\u00f3n l Hand Orange de Marpro<\/strong><\/p>\n\n\n\n<figure class=\"wp-block-embed aligncenter is-type-video is-provider-youtube wp-block-embed-youtube wp-embed-aspect-16-9 wp-has-aspect-ratio\"><div class=\"wp-block-embed__wrapper\">\n<iframe loading=\"lazy\" title=\"Aplicaci\u00f3n l Hand Orange de Marpro\" width=\"678\" height=\"381\" src=\"https:\/\/www.youtube.com\/embed\/XuWzpdv1Wdg?feature=oembed\" frameborder=\"0\" allow=\"accelerometer; autoplay; clipboard-write; encrypted-media; gyroscope; picture-in-picture; web-share\" referrerpolicy=\"strict-origin-when-cross-origin\" allowfullscreen><\/iframe>\n<\/div><\/figure>\n\n\n\n<p class=\"has-text-align-left has-large-font-size\"><strong>Aplicaci\u00f3n l Car Wash Marpro<\/strong><\/p>\n\n\n\n<figure class=\"wp-block-embed aligncenter is-type-video is-provider-youtube wp-block-embed-youtube wp-embed-aspect-16-9 wp-has-aspect-ratio\"><div class=\"wp-block-embed__wrapper\">\n<iframe loading=\"lazy\" title=\"Aplicaci\u00f3n l Car Wash Marpro\" width=\"678\" height=\"381\" src=\"https:\/\/www.youtube.com\/embed\/mwB9iUVdiZs?feature=oembed\" frameborder=\"0\" allow=\"accelerometer; autoplay; clipboard-write; encrypted-media; gyroscope; picture-in-picture; web-share\" referrerpolicy=\"strict-origin-when-cross-origin\" allowfullscreen><\/iframe>\n<\/div><\/figure>\n","protected":false},"excerpt":{"rendered":"<p>Aplicaci\u00f3n l GP-2000 de Marpro Aplicaci\u00f3n l Hand Orange de Marpro Aplicaci\u00f3n l Car Wash Marpro<\/p>\n","protected":false},"author":1,"featured_media":0,"parent":0,"menu_order":0,"comment_status":"closed","ping_status":"closed","template":"","meta":{"footnotes":""},"class_list":["post-2103","page","type-page","status-publish","hentry"],"_links":{"self":[{"href":"https:\/\/marpro.cl\/web\/wp-json\/wp\/v2\/pages\/2103","targetHints":{"allow":["GET"]}}],"collection":[{"href":"https:\/\/marpro.cl\/web\/wp-json\/wp\/v2\/pages"}],"about":[{"href":"https:\/\/marpro.cl\/web\/wp-json\/wp\/v2\/types\/page"}],"author":[{"embeddable":true,"href":"https:\/\/marpro.cl\/web\/wp-json\/wp\/v2\/users\/1"}],"replies":[{"embeddable":true,"href":"https:\/\/marpro.cl\/web\/wp-json\/wp\/v2\/comments?post=2103"}],"version-history":[{"count":20,"href":"https:\/\/marpro.cl\/web\/wp-json\/wp\/v2\/pages\/2103\/revisions"}],"predecessor-version":[{"id":2243,"href":"https:\/\/marpro.cl\/web\/wp-json\/wp\/v2\/pages\/2103\/revisions\/2243"}],"wp:attachment":[{"href":"https:\/\/marpro.cl\/web\/wp-json\/wp\/v2\/media?parent=2103"}],"curies":[{"name":"wp","href":"https:\/\/api.w.org\/{rel}","templated":true}]}}